-22 = -5*z + 3. Suppose -z = v - 0. Let c(l) = l**3 + 6*l**2 + 5*l + 6. Determine c(v).
6
Let x = -1 - 0. Let n(s) = 4*s + 7. Let r(c) = 4*c + 6. Let z(o) = 6*n(o) - 7*r(o). Calculate z(x).
4
Let l be (-3)/(-2) + 28/(-8). Let k(n) = -4*n - 3. Give k(l).
5
Let w(p) = p - 4. Suppose 8*d = 4*d. What is w(d)?
-4
Let o(h) = -4*h - 3. Let j = -4 - -6. Suppose 0 = m - 0*m - 4*z + 6, 2*z - 6 = j*m. What is o(m)?
5
Let i(y) = 4*y + 71. Let p be i(-19). Let r(w) = -5 - w + 2 - 1. Determine r(p).
1
Let x(k) = 4*k + 7. Let z(t) = -7*t - 13. Let r(c) = 11*x(c) + 6*z(c). Suppose 4*p - 5*v = 18 - 7, -2*p + 2*v + 4 = 0. Give r(p).
-3
Let j(s) be the second derivative of -s**4/6 + s**3/2 + s. Suppose 6*c + 5*z = c, 3*z + 10 = -c. Suppose c*i = -5*l - 5, -i + 3 = 3*l - 0. Calculate j(l).
-2
Let c be (-21)/(-3) + -2 + -1. Let p = -9 + c. Let h(f) = -f + 3 - 3. What is h(p)?
5
Let m(k) = -7*k - 2. Let b(x) = -16*x - 5. Let v(t) = 4*b(t) - 9*m(t). Suppose 4*q - 3*p - 18 = 0, -2*p = 5*q + p - 36. Give v(q).
-8
Let u(d) = 2*d**3 - 3*d**2 - 3*d**3 - 1 + 0*d**3 + 4*d. Suppose 5*j - 4*g = -5*g - 23, 3*g = 2*j - 1. Let w be u(j). Let p(h) = h - 1. What is p(w)?
-2
Let s(m) = 8*m - 3. Let j(k) = 24*k - 8. Suppose -5*w + 8 = -3*w. Let x(r) = w*j(r) - 11*s(r). Suppose -4*d - 2*z - 4 = 0, -2*d - 3*d = -3*z + 5. What is x(d)?
-7
Let g(z) = z**2 - 6*z + 5. Suppose 0 = -3*m - 4 - 5. Let p = 0 - m. Suppose -2*a + 2*v - 18 = -7*a, 9 = p*a + 3*v. Calculate g(a).
-3
Suppose -33 = -0*j - 3*j. Let y = 17 - j. Let x(t) = t**2 - 7*t + 5. Give x(y).
-1
Let k(p) = p**2 - 2*p - 1. Let t(y) = 3*y**2 - 3*y - 3. Let w(h) = 5*k(h) - 2*t(h). Let f(l) = l**3 - 3. Let c be f(0). Calculate w(c).
4
Let p(q) = q. Let m be (10/3)/((-16)/(-24)). What is p(m)?
5
Let a(q) = 5*q - 3. Let v(l) = -6*l + 3. Let g(k) = -7*a(k) - 6*v(k). Let s(n) = n**3 - 10*n**2 + 8*n + 5. Let f be s(9). What is g(f)?
-1
Let g(l) be the second derivative of l**3/6 + l**2/2 + 7*l. Let v be g(3). Let k(r) = r**2 - 2*r. Give k(v).
8
Let k(w) be the third derivative of -5*w**4/12 - w**3/6 + 4*w**2. Calculate k(-1).
9
Suppose -5*n + 3 = -3*c + 2*c, 0 = -3*c - 3*n - 9. Suppose 3*s - 5*l + 2*l = 6, -2*l = -3*s + 4. Let i(b) = -3*b + s + 7*b + 0 + 3. Determine i(c).
-9
Let a(n) = -n**3 - n**2 + 2. Let o be a(0). Suppose -o*u = 2*u. Let d(z) = -z**2 - 9. What is d(u)?
-9
Let v(l) be the second derivative of l**5/20 + 7*l**4/12 + 4*l**3/3 + 3*l**2/2 + 3*l. What is v(-6)?
-9
Suppose 3*p = 13 + 11. Let a(v) = -v**2 + 10*v - 11. Let t be a(p). Let f(x) = -x + 2. Give f(t).
-3
Let p(g) be the third derivative of -g**5/120 + g**4/12 + 5*g**3/6 + 5*g**2. Let a(w) be the first derivative of p(w). Determine a(-5).
7
Let i(m) = m + 8. Suppose 7 - 37 = 5*z. Calculate i(z).
2
Suppose 12 = -2*r + 2*d, 5*r = d - 0*d - 50. Let t = r + 7. Let c(k) be the first derivative of k**4/4 + 5*k**3/3 + 3*k**2 + 5*k - 1. Calculate c(t).
-3
Let h = 18 - 13. Let g(r) = r**3 - 6*r**2 + 5*r - 6. Give g(h).
-6
Let a(k) be the first derivative of -k**2/2 + k + 90. Suppose -7*b + 4*b = 0. Let i be 0 + (-2 + 3)*b. Give a(i).
1
Let c(t) = t**2 + 5*t - 7. Suppose 5*x = x + 3*p - 30, -5*x = -5*p + 40. What is c(x)?
-1
Let b(t) = -t**2 + t - 1. Let f(q) = 3 + 4*q**2 + 0*q + 0*q**3 - 3*q + q**3. Let m(n) = 5*b(n) + f(n). What is m(2)?
6
Let g = 9 + -11. Let u = -1 - g. Let v be 3*u*(-4)/(-4). Let w(d) = -2*d + 2. Calculate w(v).
-4
Let m(h) = -h**2 - 5*h - 3. Let b = 11 - 9. Suppose 3*q + 5 = b*q. What is m(q)?
-3
Let f(q) = q**2 + 5*q - 2. Let v(z) = z - 1. Let n(g) = g - 11. Let m(u) = -n(u) + 2*v(u). Let y be m(-7). Suppose 8 + 0 = -y*t. Determine f(t).
-6
Suppose -3*m - 5 = 1, 0 = 2*z + 4*m - 2. Let o(i) be the second derivative of i**4/12 - 5*i**3/6 + 3*i**2/2 - i. Calculate o(z).
3
Let b = 2 - 0. Let h(s) = -3 - 2 - s + b. Let f(j) = -j + 4. Let y be f(4). Calculate h(y).
-3
Let a = -17 + 23. Let z(w) = w**2 - 7*w + 4. Determine z(a).
-2
Let d(l) = l**3 + 4*l**2 + 3*l + 1. Suppose -2*u - 2 = 4*m - 4, 0 = -5*u + 5*m - 25. What is d(u)?
1
Let u(g) be the third derivative of g**4/12 + g**3/6 - g**2. Suppose c - 12 = 2*s, 0 = s - 5*c + 15 + 9. Give u(s).
-7
Let y(q) be the first derivative of -q**6/360 + q**5/30 - 5*q**4/24 - q**3/3 + 3. Let l(t) be the third derivative of y(t). Calculate l(5).
-10
Let m = 11 - 5. Let u(g) = 2*g + m - g - 4*g + 4*g. Determine u(-3).
3
Let i(b) = 2*b**3 + 4*b**2 - b + 1. Suppose 0 = -2*r + r - 3. Calculate i(r).
-14
Let l(b) = -9*b + 1. Let a = -9 - -11. Calculate l(a).
-17
Let p(i) be the second derivative of -i**4/12 - i**3 - i**2/2 - 10*i. Give p(-6).
-1
Let o(x) = -10*x - 13. Let y(b) = 7*b + 9. Let v(u) = -5*o(u) - 7*y(u). Give v(-2).
0
Let m(c) = -c**2 + 1. Let j(x) = 3*x - 19. Let l be j(7). Determine m(l).
-3
Let r(q) = -7*q**2 - 2*q - 1. Let v(a) = a. Let x be v(3). Suppose 6 = 3*j + x*b, 2*j + 11 = 3*j + 4*b. Calculate r(j).
-6
Let y(r) = 13*r**2 + 2 - 3 - 16*r**2 - 5*r**2. Calculate y(-1).
-9
Let i(g) be the first derivative of 5*g**2/2 - 2*g - 3. Calculate i(2).
8
Let p(k) = -2*k**2 + 5*k + 8. Let r(d) = -3*d**2 + 10*d + 15. Let v(j) = -5*p(j) + 3*r(j). Let w(i) = -2*i. Let a be w(2). Determine v(a).
1
Let j(y) = 2*y - 2*y**2 - y**2 + 0*y. Let g(m) = m**2 + 3*m + 2. Let f be g(-3). What is j(f)?
-8
Suppose 0*w - 2*w = 12. Let m(x) = 3*x**3 - 23*x**2 - 8*x - 9. Let u(q) = q**3 - 8*q**2 - 3*q - 3. Let h(i) = w*m(i) + 17*u(i). What is h(2)?
-3
Suppose 0 = z - 6*z + 5. Let y(u) = 31*u - 11*u - 14*u. Give y(z).
6
Let g(s) be the second derivative of -s**4/12 - s**3 - 2*s**2 + 4*s. Determine g(-3).
5
Let u(f) = -f - 5. Suppose -2*c = 3*b + 4, -3*b - c = -0*c + 2. Suppose 0 = -b*x + 5*x. What is u(x)?
-5
Let k(m) = m - 3. Suppose v = 4*f + f, 4*v = -2*f. What is k(f)?
-3
Let k(l) = -3*l**2. Let v(x) be the third derivative of x**4/24 + 5*x**3/6 - 2*x**2. Let o be v(-6). Give k(o).
-3
Suppose 11*h - 15*h = 4. Let i(b) = -5*b + 0*b + 5 - 4. Determine i(h).
6
Let z(g) = 15 - 26 + g + 14. Determine z(-5).
-2
Let s(w) = -w + 3. Let y be s(-3). Let q(i) = -i**2 + 5*i + 3. Calculate q(y).
-3
Let a = 1 - -2. Suppose -20 = -5*i, -2*i + 10 = a*r + 2*i. Let u(c) = 2*c - 2 - c + 0*c. Give u(r).
-4
Suppose -22*t = -27*t - 20. Let o(i) = -i**3 - 5*i**2 - 4*i - 6. What is o(t)?
-6
Let c(v) = -6*v + 2. Let t(x) be the third derivative of 7*x**4/24 - x**3/2 + x**2. Let n(s) = 6*c(s) + 5*t(s). Suppose 5*i - 14 - 11 = 0. Give n(i).
-8
Suppose -5*p - 33 = 4*t, -t + 3 = -p - 0. Let s(a) = -4 + 3*a - 3*a + 3*a - 5*a. Let r(n) = 3*n + 5. Let w(u) = -3*r(u) - 4*s(u). Determine w(p).
6
Suppose -3*o + 5*v = -17, o + 2*v - 2 + 0 = 0. Let h(d) = d - 6. Calculate h(o).
-2
Suppose -4*i + 20 = -4*f + f, -3*f = 2*i - 10. Suppose f*x + x - 2 = 0. Let u(g) = -g**3 - 2*g**2 + 2*g + 2. What is u(x)?
-10
Let p(h) = 2*h + 5. Let z(k) = 4*k + 9. Let f(i) = 7*p(i) - 4*z(i). What is f(4)?
-9
Let t(r) = -4*r - r + 1 + 0 - 2*r - r**2. What is t(-6)?
7
Let g(s) be the second derivative of -s**3/6 - s**2/2 + 2*s. Suppose 0 = -2*c - 8. Calculate g(c).
3
Let x be (1 + -1)/((-2)/2). Let r(k) = k + x - 5 + 3 - 2*k. Give r(-1).
-1
Let x(u) = -u**2 - 8*u - 6. Let o be x(-6). Let i(b) = -b**3 + 6*b**2 + 2*b - 6. Determine i(o).
6
Let t(d) = -6*d**3 - 30*d**2 + 15. Let g(y) = -y**3 - 6*y**2 + 3. Let r(z) = 11*g(z) - 2*t(z). Give r(6).
3
Let r(o) = -5*o - 4. Let l(n) = -4*n - 5. Let z(s) = -4*l(s) + 3*r(s). Let t(a) = -a**2 - 7*a + 3. Let x be t(-7). Suppose 0 = -v + x - 9. Calculate z(v).
2
Let u(o) be the second derivative of 7*o**5/20 + o**4/6 - o**3/3 + o**2/2 - 6*o. What is u(1)?
8
Let p(k) be the second derivative of -k**6/20 - k**5/60 + k**4/24 + k**3/6 + 2*k**2 + 2*k. Let x(z) be the first derivative of p(z). Give x(-1).
5
Suppose -4*n - 12 = -4*z, -3*n + 7*n + 44 = -4*z. Let x = -2 - n. Let f(m) = m**2 - 3*m - 1. Give f(x).
9
Let h(o) = -3*o + 2. Let u(b) = -b**2 + 5*b - 2. Let s be u(4). Determine h(s).
-4
Let p be (0 - -2) + 6 + -1. Let s(n) = -n**3 + 6*n**2 + 6*n + 2. Determine s(p).
-5
Let a(r) be the third derivative of r**5/60 - r**4/24 + 7*r**3/2 - r**2 - 26. What is a(0)?
21
Let z(x) = -3 - 2*x - 3 + 3. Let k = -1 + 5. Let o = 0 - k. Give z(o).
5
Let r(l) = l**2 - 2. Suppose 3*x + 10 = 8*x. Suppose 0 = -3*h + 4*h - x. Suppose -w + 1 = 2*o - 3, -w = -h*o. Calcula